/2070))/((-2)/2484).
3, 23
Let s(d) = -5*d + 32. Let n be s(6). Let h(v) = -v**2 + 9*v - 6. Let c be h(8). Suppose p + c*p = -n*m + 99, m + 2*p - 51 = 0. What are the prime factors of m?
3, 5
Suppose 0 = -5*n - 4*k + 2*k + 33, -n + 9 = k. Suppose 4*t = 4*o - 2300, 0 = 5*o + n*t - 2*t - 2859. What are the prime factors of o?
3, 191
Suppose -3*s - 19 = -5*g, -4*s - s = g + 13. Suppose g*t = -23 + 67. List the prime factors of t.
2, 11
Let j = -72 - -179. Let k = 686 - j. List the prime factors of k.
3, 193
Let l(k) = k**2 - 23*k + 37. Let d be l(25). Let p be (27/15)/(2 + d/(-45)). Suppose 31*s - p*s = 584. List the prime factors of s.
2, 73
Let m(z) = -z**2 - 2*z + 28. Let i be m(-5). Let g(h) = h**2 - 10*h + 15. Let c be g(10). Suppose c*k - 96 = i*k. What are the prime factors of k?
2, 3
Let j = -15 - -8. Let d(i) = -52*i + 72. What are the prime factors of d(j)?
2, 109
Suppose -105 = -g + 185. Suppose 1094 = 4*z - 3*l, -5*z + 5*l + g = -1080. List the prime factors of z.
2, 17
Let k(l) = l**3 + 6*l**2 + 4*l + 1. Let i(f) = f**3 - 2*f**2 - 5*f + 1. Let n be i(3). Let v be k(n). What are the prime factors of (-2)/3 + -2*(-341)/v?
113
Let p(f) = 143*f + 7. Let s(t) = -3*t + 57. Let o be s(18). List the prime factors of p(o).
2, 109
Suppose -3*z + 15 = -5*v - 2*z, 12 = -4*v - 5*z. Let p be (48/(-120))/((-1)/((-30)/(-4))). What are the prime factors of ((-218)/v)/(1 - 1/p)?
109
Let l(h) = h**3 + 5*h**2 + 4. Let c be l(-5). Suppose -c*y + 13*y - 2187 = 0. Suppose -2*d + y = -259. What are the prime factors of d?
251
Let h = 66210 - 21089. What are the prime factors of h?
45121
Let r(f) = -f**3 - 2*f**2 + f + 1. Let g be r(-3). Suppose 84 + 15 = 33*v. List the prime factors of 8*g/168 - (-374)/v.
5
Let v(i) = i**2 + i - 2. Let z(b) be the first derivative of -4*b**3/3 - 3*b**2/2 + 6*b + 16. Let f(u) = -11*v(u) - 4*z(u). List the prime factors of f(-6).
2, 43
Let i(n) = -2 - 5 - 4*n + n + 6*n. Let h be i(3). List the prime factors of 69 + 0 - (-2 - -3)*h.
67
Suppose 8*j = 4*j + 120. Let i = j - 26. Suppose -i*c + 282 + 70 = 0. List the prime factors of c.
2, 11
Let u = -209 - -177. Let t = 302 - u. List the prime factors of t.
2, 167
Let l(j) = 51*j - 78. Let a(d) = -2*d**2 + 18*d + 29. Let v be a(10). What are the prime factors of l(v)?
3, 127
Let k(m) = -57*m + 168. Let h be k(-18). Let s = -814 + h. List the prime factors of s.
2, 5, 19
Suppose 165*r - 52*r = 49*r + 4721408. List the prime factors of r.
2, 18443
Suppose 3*t = 3, 0 = -2*b + 4*b + 4*t - 14. Suppose 3*h - b*o = -0*o + 24, 0 = -3*h + 4*o + 21. What are the prime factors of (12 - (-3 + 0/h))/1?
3, 5
Let k = 1355 + -419. Let f = 1315 - k. List the prime factors of f.
379
Let q = -56 + 1907. Let a = -1012 + q. List the prime factors of a.
839
Suppose 385 = -3*o + 85. Let w = -84 - o. What are the prime factors of w?
2
Suppose -214 - 2657 = -11*c. Suppose 0 = -f - 103 - 30. Let k = f + c. List the prime factors of k.
2
Let l = 2443 - -1855. What are the prime factors of l?
2, 7, 307
Suppose 3*m + 82*q - 271363 = 87*q, 4*m = -q + 361848. What are the prime factors of m?
7, 12923
Suppose 13995 = 13*t - 786. Let r = -603 + t. List the prime factors of r.
2, 3, 89
Let s(o) = -157*o + 3. Let v(x) = -471*x + 8. Let t(y) = 11*s(y) - 4*v(y). Let a = 278 + -277. What are the prime factors of t(a)?
2, 79
Suppose 52*j - 51*j - 5 = 0. Suppose -189 = j*n - 1579. What are the prime factors of n?
2, 139
Suppose 11*l - 31656 - 15609 = 30384. What are the prime factors of l?
3, 13, 181
Suppose 59*p - 5*g = 63*p - 47295, -35448 = -3*p + 4*g. What are the prime factors of p?
2, 3, 5, 197
Suppose -112 = 8*k - 9*k. Suppose o + 21 + 279 = -4*r, r - 3*o + 62 = 0. Let z = r + k. List the prime factors of z.
2, 19
Let h(a) = 7408*a - 530. List the prime factors of h(2).
2, 3, 2381
Let t = -568 + 152. Let l = t + 623. What are the prime factors of l?
3, 23
Suppose 29*a = -29*a + 45*a + 114166. List the prime factors of a.
2, 4391
Let l(r) = r**2 + 10*r - 22. Let v = -52 + 53. Let n be (-2 + 1)*(16 + v + 1). List the prime factors of l(n).
2, 61
Let s(m) = -661*m - 2. Let d be s(4). Let r be 2/(-4) + d/(-12). Let u = r + -145. What are the prime factors of u?
3, 5
Let c be 3*2/((-18)/3). Let d be 7 - (66/24 + c/(-4)). List the prime factors of 29 + 0 - -4 - d.
29
Suppose -6*i + 10*i = 20. Suppose 4*v = i*h + 1883, 0 = -2*v + h - 3*h + 964. What are the prime factors of v?
3, 53
Suppose 2169 = -4*w + j, 3*j + 1081 = -2*w - 0*j. Let c = -273 - w. What are the prime factors of c?
269
Let s(y) = 5*y + 4320. Let o be s(0). Suppose 14*f - o = -f. List the prime factors of f.
2, 3
Suppose -205629 - 36568 = -20*r - 63757. List the prime factors of r.
2, 3, 1487
Suppose -48*u - 4*u + 78405 = -860975. What are the prime factors of u?
5, 3613
Let q(a) = a**3 + 10*a**2 + 18*a. Let w be q(-7). What are the prime factors of 111/21 + -5 + 7743/w?
3, 41
Let l be 66/(-8)*(-6 + 22). Let y = l + 231. Let r = y + -68. What are the prime factors of r?
31
Let j(y) = 2958*y**3 + 3*y**2 + 2*y - 4. List the prime factors of j(1).
11, 269
Let o be 14/28*12/1. List the prime factors of 590 + (-3)/o*-12.
2, 149
Let p be (-274)/18 + -1 - 46/(-207). List the prime factors of -1 - ((-4)/p)/(1/(-4084)).
2, 3, 5, 17
Let g be 10 + ((-20)/4 - 1). What are the prime factors of 211/g*(-104)/(-13)?
2, 211
Let l(h) = h**3 - 6*h**2 - 2. Let x be l(7). Suppose 23*m + 7704 = x*m. What are the prime factors of m?
3, 107
Suppose 3*d = -5*l + 5834, -d + 15 - 17 = 0. Let s = -744 + l. List the prime factors of s.
2, 53
Suppose 2*r + 4 = 0, 2*g - 842 = -r + 4*r. Suppose -5*n + g = -5*i + 9*i, -4*n = -i - 326. List the prime factors of n.
2, 41
Let t = 31686 - 10698. What are the prime factors of t?
2, 3, 11, 53
What are the prime factors of (-383391)/(-45) + (-147)/(-35) + -5?
7, 1217
Suppose -198*z + 409*z - 198*z = 126269. What are the prime factors of z?
11, 883
Let z be 7 + -1 - 2 - -532. Suppose -41*m + z = -37*m. What are the prime factors of m?
2, 67
Suppose -4*p + 395 = 5*x, -93 = -3*x + 5*p + 144. Suppose -190*c = -203*c + 429. Let g = x - c. List the prime factors of g.
2, 23
Let n(i) = 294*i**2 - 51*i + 455. List the prime factors of n(11).
2, 8867
Let k = 47 - 25. Let l be 16 + -4 + 2 + (2 - 3). Let x = k + l. List the prime factors of x.
5, 7
Let f(p) = -2*p**3 - 21*p**2 - 11*p + 343. What are the prime factors of f(-18)?
11, 491
Suppose 4*l - 11 + 19 = 0. List the prime factors of 492*l/((-20)/(-15)*-3).
2, 3, 41
List the prime factors of (-7 - (-18922 - 8)) + 55/11.
2, 7, 13
Suppose -3*t - 3*t = -48. Suppose -271 + 2767 = t*v. List the prime factors of v.
2, 3, 13
Let z be 3 - 4 - -2 - -253. Suppose -6*c + z = 2*n - 2*c, -3*c + 498 = 4*n. What are the prime factors of n?
3, 41
Let f be (-32)/(7/(-5) - -1). Suppose 2*p = q + 219, 2*p = -58*q + 55*q + 239. Suppose 3*h + 137 = 4*l - f, -2*l - 2*h + p = 0. What are the prime factors of l?
5, 11
Let c(y) = 111*y**2 + 45*y - 15. What are the prime factors of c(-7)?
3, 13, 131
Let h = -170 + 288. Suppose -4*x - h = 2*w - 36, 4*x = 3*w + 163. Let l = -29 - w. What are the prime factors of l?
2, 5
Let x(s) = 12*s - 299. Let r be x(28). Let l(p) = 2*p - 2. Let o be l(4). Let u = r + o. What are the prime factors of u?
43
Suppose 4*p + 2*v - 38162 = 0, 0 = -8*p + 5*v + 68090 + 8189. What are the prime factors of p?
2, 19, 251
Let k(g) = 19*g**2 - 5*g + 6. Let n be k(-3). Let z(l) = 341*l - n*l + 0 + 3. What are the prime factors of z(1)?
2, 19
Let c(k) = -97*k**2 + 458*k + 7. What are the prime factors of c(3)?
2, 127
Let a(q) = 726 + 2*q**2 + 10*q + 10*q - 719. List the prime factors of a(-13).
5, 17
Let h(n) = 23*n + 2. Let x = -62 + 78. What are the prime factors of h(x)?
2, 5, 37
Let h be ((-74)/(-4))/(-1 + 6/4). Let x be 3/(2*h/(-80) - -1). Suppose -44*d = -x*d - 848. What are the prime factors of d?
2, 53
Let i = -1987 + 4352. Let f = 3945 - i. Suppose -h - f = -11*h. What are the prime factors of h?
2, 79
Let y = 210 - 383. Let p = 561 + y. What are the prime factors of p?
2, 97
Let x(w) = w**3 + 6*w**2 - 9*w - 2. Let k be x(-6). Suppose 4*q + 107 = 2*c - 5, 2*q - k = -c. Suppose 18*j - 15*j - c = 0. List the prime factors of j.
2, 3
Let u = 34 - 4. Let r = 33 - u. Suppose 5*i - 4*b = 403, -r*i